4. Let z be 126/35 + c/5. Calculate the greatest common divisor of k and z.
4
Let i(d) = -3*d**2 - 24*d - 9. Let t be i(-7). Suppose 0*h + 2*u = -h + t, 3*h - 36 = -2*u. What is the highest common factor of 4 and h?
4
Suppose 5*b - 15*g = -20*g + 245, -5*b + 261 = -3*g. Suppose 5*z = 4*t - 58, 0*t - 2*t + 2*z + 30 = 0. Calculate the greatest common factor of b and t.
17
Suppose 2*q - 398 = -2*t, -q + 312 = -3*t + 93. Calculate the highest common divisor of q and 51.
51
Suppose 819 = 21*l - 756. Calculate the greatest common divisor of l and 135.
15
Suppose 3*t + 135 = 3*n, -5*n + 6*t = 5*t - 225. Calculate the highest common divisor of 120 and n.
15
Let g be (2 + 17/(-2))*-26. Let s(p) = -96*p + 13. Let m be s(-3). Let q = m - g. What is the highest common factor of q and 12?
12
Let u be ((-28)/(-6) - 4)*21. Let o(g) = 2*g - 14. Let f be o(14). What is the highest common factor of u and f?
14
Let s be (4/(-3))/((-1)/(-15)). Let h be 249/6 - (-1)/2. Let b = s + h. Calculate the greatest common divisor of b and 22.
22
Let a(i) = -i**3 - 24*i**2 + 24*i - 11. Let d be a(-25). Calculate the highest common divisor of d and 1162.
14
Let k = -10 + 13. Let w be 10/(-15) + (-67)/3. Let u = w - -38. What is the highest common divisor of u and k?
3
Let l be 1 - (6 + 379)/(-5). What is the greatest common factor of 12 and l?
6
Let l be (4 - 8 - -52)*(-8)/(-16). What is the greatest common divisor of 48 and l?
24
Let b(n) = 12*n**2 + 3*n. Let m be b(-2). Suppose 3*q - 5 = 1. Suppose a + q*c = 103, -311 = -3*a - 0*c - 4*c. Calculate the greatest common divisor of m and a.
21
Let s(t) = -t**3 + t**2 + 7*t - 9. Let k be s(2). What is the highest common factor of 13 and k?
1
Let v(c) = -c**3 + 8*c**2 + c - 5. Let z be v(8). Suppose 0 = -5*d + 3*d - 6. Let n be (-2 + 6)*d/(-1). Calculate the greatest common factor of z and n.
3
Let n(k) = 3*k**3 - 2*k**2 + 3*k - 4. Let d be n(3). What is the greatest common factor of d and 306?
34
Let z = 1520 + -1261. What is the greatest common divisor of z and 481?
37
Let n = -6 - -55. Let r = 63 - n. What is the greatest common factor of r and 14?
14
Let u be (0/2)/(5/5). Let f(p) = u*p + 4*p - 4*p - 2*p. Let w be f(-1). What is the greatest common factor of 2 and w?
2
Suppose 8*o + 123 - 171 = 0. Let w(z) = -1. Let v(t) = 25*t - 23. Let g(c) = v(c) + 3*w(c). Let m be g(o). What is the greatest common divisor of m and 31?
31
Let v = 27 - 17. Let n(j) = -j**3 + 11*j**2 - 9*j - 9. Let w be n(v). What is the greatest common divisor of w and 4?
1
Suppose -4*s - 3*c + 321 = 0, s + s = -3*c + 165. Let a be (-6 + 11)*86/10 + -4. Calculate the greatest common divisor of a and s.
39
Let r be -66*8/(-72)*57. Calculate the highest common factor of 38 and r.
38
Let i(t) = -10 + 14*t - 24*t - 5*t**3 + 4*t**3 - 7*t**2. Let o be i(-6). Suppose o*f = 18*f - 40. What is the greatest common factor of f and 2?
2
Suppose 0 = -5*o - 2*p - 0*p + 650, 0 = o - 3*p - 130. Suppose 0 = 4*k - 195 - 13. Calculate the highest common divisor of o and k.
26
Let m = 1264 - 410. Calculate the highest common factor of m and 14.
14
Let q = -14 + 21. Let g(c) = c**2 - 8*c - 2. Let s be g(q). Let r be (-66)/(-4) + s/18. What is the greatest common factor of r and 48?
16
Suppose 28 = -148*y + 150*y. Let j = -4 + 32. What is the greatest common divisor of j and y?
14
Suppose 4*o + 5 = 1. Let t be o/(-7) - 117/(-63). What is the greatest common factor of t and 6?
2
Let x(a) = -a**2 + 2*a + 3. Let m be x(-3). Let c = -7 - m. Let q = -17 - -52. Calculate the highest common divisor of c and q.
5
Let c = 20 - -6. Suppose -p = p - c. Suppose 5*f + 151 = 4*l, 7*l - 2*l = 3*f + 192. Calculate the greatest common divisor of l and p.
13
Suppose 5*g + 38 = 4*a - 6, 2 = 3*a + 4*g. Suppose 0*w - 18 = 3*w. Let j be (-40)/a*9/w. What is the greatest common divisor of j and 30?
10
Suppose 0 = 4*a + x - 1, -3*a + 2*a - 5 = 2*x. Suppose -4*j = -3*k + 18, -5*k - 5*j - 6 = -a. What is the greatest common divisor of 3 and k?
1
Suppose -78*t + 115 = -73*t. What is the greatest common factor of 69 and t?
23
Let l(y) = y**2 + y + 3. Suppose -3*x - 11 = 2*k, 4 = -4*k - 2*x + 2. Let j be l(k). What is the highest common factor of 27 and j?
9
Let h(j) = 2*j**2 + 68*j + 46. Let t be h(-34). What is the greatest common divisor of 2645 and t?
23
Let v(p) = 4*p**2 + 6*p - 20. Let x be v(-4). Let a be 73/5 - (-2)/5. What is the highest common factor of x and a?
5
Let p be (-2)/((-4)/(-6)) + 39. Let a = 20 - p. Let b be ((-84)/a)/((-6)/(-16)). What is the greatest common divisor of 21 and b?
7
Let i be 2/(16/11880*5). What is the highest common divisor of 54 and i?
27
Let x(t) = 55*t**2 - t - 1. Let z be x(-1). Suppose -5*g + 2*b + 3*b = 95, -4*b - 44 = g. Let k = -2 - g. Calculate the greatest common divisor of k and z.
11
Let n be 3*(7 - -1)*1. Suppose 14*k = 7*k - 896. Let h = k - -200. What is the highest common factor of h and n?
24
Let p be ((-4)/(-6))/(6/45). Suppose -2*h + 0 + 2 = 2*l, -p*l - h = 11. Let u be 2/l*(2 - 5). Calculate the highest common factor of u and 3.
1
Let p = 128 + -117. Calculate the greatest common divisor of 407 and p.
11
Let b = -21 - -10. Let n = b - -23. Let a(i) = i**3 + 10*i**2 + 3*i - 6. Let p be a(-7). What is the greatest common factor of p and n?
12
Let x = 2258 - 2250. Suppose -27 = -0*h - 5*h + t, 3*h = 5*t + 25. Suppose l - 16 = -4*m + m, -h*l - m = -10. Calculate the greatest common factor of x and l.
1
Let p = 256 + -88. What is the greatest common factor of 21 and p?
21
Let b = 3 - -27. Let i(r) = 9*r**2 + 12*r + 3. Let l be i(-2). Calculate the highest common factor of b and l.
15
Let t(a) = 4*a - 36. Let q be t(10). Suppose 3*u = -3*h + 30, u + 4*u - q*h = 59. Let m = -28 + 61. Calculate the highest common factor of m and u.
11
Suppose 4*h + 2*h + 4*n - 4032 = 0, 0 = n. What is the highest common divisor of 42 and h?
42
Suppose -j = -3*x + 19, -8 = 4*j + 8. Suppose -5*s + 347 = c - 311, x*s + 2*c - 656 = 0. Calculate the greatest common factor of s and 12.
12
Let n = -1801 - -2124. Calculate the greatest common factor of n and 187.
17
Let p be (30/4)/(-5)*-4. Suppose -2*h = -p*h - 4*k - 32, 4*h - 5*k = -50. Let u be h/(-5) + (-306)/(-2). What is the greatest common divisor of 31 and u?
31
Let d = -22 + 58. Let x = -9137 + 9533. What is the greatest common factor of x and d?
36
Suppose -44 = z - 142. Let d = 107 - z. Let k(a) = a**3 + a**2 - 2*a - 3. Let l be k(3). Calculate the greatest common divisor of l and d.
9
Let y(o) = 12*o - 8. Suppose 0*n - 2*n = 3*b - 16, -3*b = -2*n - 8. Let d be y(n). Suppose s = -s + d. Calculate the highest common divisor of s and 4.
4
Let p(h) = 6*h**2 + 7*h - 4. Let b be p(-4). Let y(t) = 43*t**2 - t. Let n be y(-1). Suppose 4*r - b = n. What is the greatest common divisor of r and 9?
9
Let d be (0 - (-14)/(-21))*-90. Calculate the greatest common divisor of d and 5.
5
Suppose -3*y - 240 = -7*y. Let s be (-101)/(-2) - (2 - (-5)/(-2)). Let q = 63 - s. What is the highest common factor of q and y?
12
Let i(v) = -v**3 + 2*v**2 + 1. Let y be i(-2). Suppose 4 = b - 7. Let u = b + y. What is the greatest common factor of u and 308?
28
Suppose -4*g + 3*o + 134 = -331, 4*g + 2*o - 450 = 0. What is the greatest common divisor of g and 76?
38
Suppose -6 = -5*t + 2*p, -t + 14 = 3*t + 3*p. Let d(i) = 3*i**3 + i**2 + i - 3. Let s be d(t). Let j = 33 - s. Calculate the greatest common factor of j and 12.
6
Suppose m = -0*m + 12. Let h(a) = -a**3 - 14*a**2 - a - 7. Let g be h(-13). Let o = 223 + g. What is the greatest common divisor of m and o?
12
Let n(h) = h**2 - 4*h + 3. Let y be n(0). Suppose 3*m = -6, 2*f = 2*m + y*m + 36. Calculate the greatest common divisor of 26 and f.
13
Suppose -15*p + 33 + 57 = 0. Calculate the highest common divisor of p and 306.
6
Suppose -2*q + 2*o + 13 = 3, 3 = -3*o. Calculate the greatest common divisor of 206 and q.
2
Suppose -32*r + 4 = -31*r. Suppose -3*i = -5*i + 20. Calculate the greatest common divisor of i and r.
2
Suppose 5*k - 3 = p, 0 = -k - 4*k - 2*p + 9. Let y(d) = 17*d**3 - 3*d + 2. Let o be y(k). Calculate the greatest common factor of 16 and o.
16
Suppose -5*k + 0 + 10 = 0. Suppose 0*h - k*h + i = -29, -5*i + 35 = 2*h. Let d = h + -8. Calculate the greatest common factor of 35 